{"id":591,"date":"2013-12-13T05:33:34","date_gmt":"2013-12-13T05:33:34","guid":{"rendered":"http:\/\/hamburgarprinsen.nu\/wordpress\/?page_id=591"},"modified":"2025-09-29T18:07:16","modified_gmt":"2025-09-29T18:07:16","slug":"special-mozzarella","status":"publish","type":"page","link":"http:\/\/pizzeria-helin.se\/?page_id=591","title":{"rendered":"Special mozzarella Pizzor"},"content":{"rendered":"<h1><span style=\"color: #ff0000;\">SPECIAL MOZZARELLA PIZZOR<\/span><\/h1>\n<h2><span style=\"color: #ff0000;\">Familje (3 pers) 385:-\u00a0 Barn : 145:-<\/span><\/h2>\n<h3>I alla pizzor ing\u00e5r hemlagad tomat-s\u00e5s, ruccolasallad &amp; f\u00e4rska r\u00e5varor<\/h3>\n<h3>89. POMODORO <span style=\"color: #ff0000;\">155:-<\/span><br \/>mozzarellaost, f.tomat, f.basilika<\/h3>\n<h3>90. CACCIATORE <span style=\"color: #ff0000;\">155:-<\/span><br \/>mozzarellaost, italiensk salami, grillad paprika, f.champ<\/h3>\n<h3>91. MAFIOSO <span style=\"color: #ff0000;\">155:-<\/span><br \/>mozzarellaost, stark italiensk salami, r\u00f6d l\u00f6k, f.tomat, fefferoni, cayennepeppar<\/h3>\n<h3>92. ISABEL <span style=\"color: #ff0000;\">155:-<\/span><br \/>mozzarellaost, grillad paprika, grillad zucchini, grillad aubergine, f.tomat, f. vitl\u00f6k, f,basilika, f.champinjoner<\/h3>\n<h3>93. SALSICCIA <span style=\"color: #ff0000;\">155:-<\/span><br \/>mozzarella, salsiccia, ruccola, r\u00f6d l\u00f6k, grillad paprika, f. basilika, svartpeppar<\/h3>\n<h3>94. LE CHEF <span style=\"color: #ff0000;\">155:-<\/span><br \/>mozzarellaost, lufttorkad skinka, f.basilika, soltorkade tomater, kalamata oliver, svartpeppar<\/h3>\n<h3>95. DI POLLO <span style=\"color: #ff0000;\">155:-<\/span><br \/>mozzarellaost, spenat, grillad paprika, r\u00f6d l\u00f6k, kyckling, chevreost<\/h3>\n<h3>96. MEZZA LUNA halv inb.<span style=\"color: #ff0000;\">155:-\u00a0<\/span><\/h3>\n<h3>DEN INBAKADE HALVAN:<br \/>mozzarellaost, lufttorkad skinka ANDRA HALVAN: mozzarellaost, lufttorkad skinka, ruccola, olivolja, havssalt<\/h3>\n<h3>97. GAMBERO <span style=\"color: #ff0000;\">155<\/span><span style=\"color: #ff0000;\">:-<\/span><br \/>mozzarella, j\u00e4tter\u00e4kor, f.tomater, kron\u00e4rtskocka, gr\u00f6n pesto<\/h3>\n<h3>98. Gozze <span style=\"color: #ff0000;\">155:-<\/span><br \/>mozzarellaost, j\u00e4tter\u00e4kor, musslor, f.vitl\u00f6k, svartpeppar, gr\u00f6na musslor<\/h3>\n<h3>99. QUATTRO FORMAGGIO <span style=\"color: #ff0000;\">155:-<\/span><br \/>mozzarella, chevreost, f\u00e5rost, gorgonzola, kalamata oliver, f\u00e4rsk tomat<\/h3>\n<h3>100. PARMA <span style=\"color: #ff0000;\">155:-<\/span><br \/>Lufttorkad skinka, f\u00e5rost, mozzarellaost<\/h3>\n<h3>101. DENIZSPECIAL\u00a0<span style=\"color: #ff0000;\">160:-<\/span><br \/>Lufttorkad skinka, mozzarellaost, avocado, paprika, soltorkade tomat, gr\u00f6n pesto<\/h3>\n<h3>102. OZAN SPECIAL\u00a0<span style=\"color: #ff0000;\">160:-<\/span><br \/>Mozzarellaost, avocado, f\u00e4rsk tomat, l\u00f6k, f\u00e5rost, paprika<\/h3>\n<h3>103. OMARO\u00a0<span style=\"color: #ff0000;\">160:-<\/span><br \/>Luftorkadskinka, mozzarellaost, stark salami, italiansk salami<\/h3>\n<h3>104. ROSSISPECIAL\u00a0<span style=\"color: #ff0000;\">160:-<\/span><br \/>Lufttorkad skinka, mozzarellaost, avocado, grillat paprika, r\u00e4kor<\/h3>\n\n\n<p><\/p>\n","protected":false},"excerpt":{"rendered":"<p>SPECIAL MOZZARELLA PIZZOR Familje (3 pers) 385:-\u00a0 Barn : 145:- I alla pizzor ing\u00e5r hemlagad tomat-s\u00e5s, ruccolasallad &amp; f\u00e4rska r\u00e5varor 89. POMODORO 155:-mozzarellaost, f.tomat, f.basilika 90. CACCIATORE 155:-mozzarellaost, italiensk salami, grillad paprika, f.champ 91. MAFIOSO 155:-mozzarellaost, stark italiensk salami, r\u00f6d l\u00f6k, f.tomat, fefferoni, cayennepeppar 92. ISABEL 155:-mozzarellaost, grillad paprika, grillad zucchini, grillad aubergine, f.tomat, f. [&hellip;]<\/p>\n","protected":false},"author":1,"featured_media":0,"parent":0,"menu_order":0,"comment_status":"open","ping_status":"open","template":"","meta":[],"_links":{"self":[{"href":"http:\/\/pizzeria-helin.se\/index.php?rest_route=\/wp\/v2\/pages\/591"}],"collection":[{"href":"http:\/\/pizzeria-helin.se\/index.php?rest_route=\/wp\/v2\/pages"}],"about":[{"href":"http:\/\/pizzeria-helin.se\/index.php?rest_route=\/wp\/v2\/types\/page"}],"author":[{"embeddable":true,"href":"http:\/\/pizzeria-helin.se\/index.php?rest_route=\/wp\/v2\/users\/1"}],"replies":[{"embeddable":true,"href":"http:\/\/pizzeria-helin.se\/index.php?rest_route=%2Fwp%2Fv2%2Fcomments&post=591"}],"version-history":[{"count":34,"href":"http:\/\/pizzeria-helin.se\/index.php?rest_route=\/wp\/v2\/pages\/591\/revisions"}],"predecessor-version":[{"id":1407,"href":"http:\/\/pizzeria-helin.se\/index.php?rest_route=\/wp\/v2\/pages\/591\/revisions\/1407"}],"wp:attachment":[{"href":"http:\/\/pizzeria-helin.se\/index.php?rest_route=%2Fwp%2Fv2%2Fmedia&parent=591"}],"curies":[{"name":"wp","href":"https:\/\/api.w.org\/{rel}","templated":true}]}}